
Is 53 a factor of 762694834?
False
Does 168 divide 15696903?
False
Does 101 divide 7620450?
True
Is 236 a factor of 91855579?
False
Is 319 a factor of 456758769?
False
Is 329 a factor of 207172373?
False
Is 398093 a multiple of 57?
False
Does 18 divide 609001362?
True
Is 3555858325 a multiple of 35?
False
Is 4501 a factor of 1285040001?
True
Does 56 divide 5575696?
True
Is 17 a factor of 2268328000?
False
Is 1854 a factor of 24714249?
False
Is 364680715 a multiple of 132?
False
Is 51439605 a multiple of 769?
False
Does 782 divide 100095218?
True
Does 133 divide 17222529?
False
Is 129 a factor of 556553601?
True
Does 1362 divide 1801731372?
False
Is 36 a factor of 176072109?
False
Is 229 a factor of 3742361?
False
Does 35 divide 1525765745?
True
Does 1217 divide 3234492?
False
Does 39 divide 902212116?
True
Does 247 divide 4452024257?
False
Does 6 divide 745384185?
False
Does 933 divide 30916204?
False
Does 617 divide 4468931?
True
Does 98 divide 530723885?
False
Is 11026383 a multiple of 67?
False
Does 522 divide 37224864?
True
Is 36 a factor of 2178324?
True
Does 59 divide 694666?
True
Is 421 a factor of 126176561?
False
Is 161238616 a multiple of 80?
False
Is 26325349 a multiple of 63?
False
Does 63 divide 11600987?
False
Is 8612454 a multiple of 4?
False
Does 649 divide 377790688?
True
Is 11 a factor of 1127367428?
True
Is 1050069944 a multiple of 16?
False
Is 1156221083 a multiple of 2310?
False
Is 10 a factor of 13528031?
False
Does 22 divide 727116837?
False
Is 538 a factor of 290972458?
True
Is 1170 a factor of 58411080?
True
Is 14698392 a multiple of 12?
True
Is 13538553 a multiple of 343?
True
Is 481 a factor of 99374748?
False
Does 102 divide 62729877?
False
Is 337 a factor of 1498601243?
False
Is 16169354 a multiple of 16?
False
Is 429791038 a multiple of 3575?
False
Is 416 a factor of 64722528?
True
Does 22 divide 336104?
False
Does 76 divide 21724306?
False
Is 245759384 a multiple of 424?
False
Is 5 a factor of 22196810?
True
Is 273 a factor of 192532158?
True
Does 902 divide 252155002?
True
Is 18823284 a multiple of 12?
True
Is 362173880 a multiple of 785?
True
Is 2 a factor of 8812955?
False
Is 754 a factor of 44336708?
True
Is 123191179 a multiple of 31?
True
Is 36057842 a multiple of 20?
False
Is 55 a factor of 128608975?
True
Does 155 divide 2639650?
True
Is 627 a factor of 3060665551?
False
Is 394 a factor of 41946556?
False
Does 97 divide 24553707?
True
Is 15287507 a multiple of 16?
False
Does 72 divide 7861213371?
False
Is 2 a factor of 2066454?
True
Does 3 divide 6924602?
False
Does 147 divide 72846585?
True
Is 12 a factor of 48371508?
True
Is 3040974 a multiple of 6?
True
Is 47 a factor of 9306235?
True
Does 2 divide 19324364?
True
Is 3166 a factor of 20999886?
False
Is 109 a factor of 49979527?
False
Does 11 divide 53672751?
True
Is 5 a factor of 663095?
True
Does 405 divide 36762750?
False
Is 21 a factor of 298515861?
True
Does 13 divide 11687668?
False
Is 4 a factor of 247501224?
True
Does 21 divide 68730270?
True
Is 341 a factor of 1032265342?
False
Is 107066660 a multiple of 40?
False
Is 138082212 a multiple of 20?
False
Is 90 a factor of 1042810?
False
Does 10 divide 15813980?
True
Is 87637256 a multiple of 104?
False
Is 1602622496 a multiple of 3469?
True
Is 28045008 a multiple of 72?
True
Is 415 a factor of 31749234?
False
Does 3107 divide 709845301?
False
Is 3061468 a multiple of 53?
False
Does 15 divide 238932673?
False
Is 124 a factor of 72541116?
True
Is 217 a factor of 14827176?
True
Is 594 a factor of 18950382?
True
Does 518 divide 1106824930?
False
Does 258 divide 113486258?
False
Is 146 a factor of 48329942?
True
Is 21 a factor of 11834466?
True
Is 14 a factor of 4412562?
True
Is 30 a factor of 219477035?
False
Is 46 a factor of 551771389?
False
Does 125 divide 5996521?
False
Is 132 a factor of 141149503?
False
Is 27 a factor of 172862127?
True
Is 52532648 a multiple of 13?
False
Does 54 divide 454551435?
False
Does 194 divide 18814120?
True
Is 980041872 a multiple of 48?
True
Is 29818923 a multiple of 19?
True
Does 35 divide 40736484?
False
Is 725 a factor of 963786509?
False
Is 914 a factor of 1034626978?
True
Does 3634 divide 203987322?
True
Is 22 a factor of 30250228?
False
Is 9 a factor of 656099609?
False
Does 760 divide 34451104?
False
Is 394 a factor of 1745937716?
True
Is 228745693 a multiple of 457?
False
Does 6 divide 262645?
False
Is 11680960 a multiple of 346?
True
Does 11 divide 319989428?
True
Does 1815 divide 1975841670?
True
Is 169422260 a multiple of 518?
True
Is 354302389 a multiple of 2328?
False
Is 98384484 a multiple of 10?
False
Is 182649380 a multiple of 43?
True
Is 219896434 a multiple of 2694?
False
Does 1664 divide 18918149?
False
Is 1597 a factor of 1109632856?
False
Does 47 divide 177836698?
False
Is 111 a factor of 12730795?
False
Is 1101 a factor of 40037861?
False
Is 881 a factor of 131171900?
False
Is 36 a factor of 3430779?
False
Does 56 divide 593717712?
True
Does 1014 divide 1771339016?
False
Does 3 divide 657858494?
False
Is 2165855745 a multiple of 339?
True
Is 4178 a factor of 928656594?
True
Is 173824777 a multiple of 161?
True
Is 2449008 a multiple of 3?
True
Does 755 divide 820523430?
True
Does 2271 divide 67008126?
True
Does 57 divide 431901198?
True
Is 100440200 a multiple of 370?
True
Does 349 divide 2855281?
False
Is 49942236 a multiple of 27?
False
Is 12 a factor of 73890267?
False
Is 137385960 a multiple of 190?
True
Is 316814212 a multiple of 538?
True
Is 19 a factor of 61726782?
True
Does 3773 divide 429201388?
True
Does 488 divide 10712088?
True
Does 14 divide 73671310?
False
Is 895 a factor of 128724473?
False
Does 31 divide 10064212?
True
Is 510 a factor of 1058052824?
False
Is 160145826 a multiple of 1081?
True
Does 27 divide 235535094?
True
Does 3507 divide 353577590?
False
Does 2276 divide 29171492?
True
Is 1009 a factor of 24188757?
True
Does 70 divide 15805370?
True
Is 88 a factor of 3638640016?
True
Is 301 a factor of 206735391?
False
Is 102830050 a multiple of 6?
False
Does 10 divide 216195100?
True
Is 748799790 a multiple of 30?
True
Is 5246 a factor of 190052088?
True
Is 11355148 a multiple of 48?
False
Is 261374604 a multiple of 6?
True
Is 5805 a factor of 89896230?
True
Does 1835 divide 104456624?
False
Is 89 a factor of 199807841?
False
Is 3663 a factor of 58183836?
False
Is 58 a factor of 1639133070?
True
Is 1514 a factor of 218549404?
False
Is 279 a factor of 44762066?
False
Does 431 divide 295664276?
True
Is 8250905 a multiple of 23?
True
Is 5 a factor of 9443664?
False
Is 2349 a factor of 183167973?
True
Is 1815 a factor of 113617185?
True
Is 4850692 a multiple of 8?
False
Is 132885840 a multiple of 1590?
True
Is 495685 a multiple of 6?
False
Is 66846044 a multiple of 58?
True
Is 71 a factor of 3836555290?
True
Is 24 a factor of 482349168?
True
Is 2276 a factor of 46962984?
True
Does 4998 divide 487659858?
True
Does 4 divide 247543904?
True
Is 926 a factor of 124938698?
True
Is 347772527 a multiple of 263?
True
Does 1910 divide 261225428?
False
Is 66305385 a multiple of 53?
True
Is 21 a factor of 8649144?
True
Is 361 a factor of 240659206?
True
Is 7546 a factor of 6361338368?
True
Does 15 divide 22320712?
False
Is 51 a factor of 253723623?
True
Does 11 divide 106336747?
True
Does 4 divide 3853172?
True
Is 86135083 a multiple of 110?
False
Does 22 divide 2269545432?
True
Does 12 divide 214095940?
False
Does 23 divide 50903140?
True
Is 44 a factor of 786942043?
False
Does 95 divide 285078376?
False
Is 122358813 a multiple of 2647?
False
Is 227097 a multiple of 13?
True
Is 11 a factor of 1483901238?
False
Is 168112906 a multiple of 1700?
False
Is 55 a factor of 5760974?
False
Is 150148341 a multiple of 7?
True
Is 56325359 a multiple of 433?
False
Is 517279215 a multiple of 5?
True
Does 279 divide 527410777?
False
Is 581880624 a multiple of 228?
True
Is 465475395 a multiple of 1463?
True
Does 163 divide 248452790?
False
Does 438 divide 121059271?
False
Does 5 divide 58045429?
False
Is 1495 a factor of 642881395?
True
Is 285472176 a multiple of 82?
True
Is 433 a factor of 33930779?
False
Is 176 a factor of 4821430944?
True
Is 10428363 even?
False
Does 212 divide 3744588436?
True
Is 40153637 a multiple of 576?
False
Does 44 divide 424261